199799
List the prime factors of 3745518.
2, 3, 7, 257, 347
What are the prime factors of 322554?
2, 3, 53759
What are the prime factors of 3579032?
2, 631, 709
List the prime factors of 3979661.
7, 568523
What are the prime factors of 3015644?
2, 137, 5503
List the prime factors of 2006799.
3, 17, 19, 109
What are the prime factors of 670732?
2, 167683
List the prime factors of 7321128.
2, 3, 305047
List the prime factors of 1952569.
17, 331, 347
List the prime factors of 6962401.
17, 37, 11069
What are the prime factors of 161649?
3, 5987
List the prime factors of 13511502.
2, 3, 53, 4721
What are the prime factors of 5488551?
3, 97, 6287
What are the prime factors of 372430?
2, 5, 37243
List the prime factors of 1898709.
3, 389, 1627
List the prime factors of 1926050.
2, 5, 7, 5503
What are the prime factors of 693972?
2, 3, 37, 521
What are the prime factors of 60733?
60733
List the prime factors of 321081.
3, 19, 43, 131
List the prime factors of 4598013.
3, 7, 31, 1009
List the prime factors of 51272.
2, 13, 17, 29
What are the prime factors of 116425?
5, 4657
List the prime factors of 1517294.
2, 197, 3851
What are the prime factors of 219667?
7, 4483
List the prime factors of 1882574.
2, 397, 2371
List the prime factors of 72234.
2, 3, 4013
List the prime factors of 695030.
2, 5, 7, 9929
What are the prime factors of 334206?
2, 3, 2063
What are the prime factors of 1737717?
3, 579239
What are the prime factors of 108314?
2, 31, 1747
List the prime factors of 3070660.
2, 5, 153533
What are the prime factors of 22905673?
7, 3272239
What are the prime factors of 5576401?
5576401
List the prime factors of 293279.
7, 41897
List the prime factors of 257709.
3, 85903
What are the prime factors of 1715274?
2, 3, 11, 8663
What are the prime factors of 390814?
2, 195407
List the prime factors of 123608.
2, 15451
What are the prime factors of 1114463?
7, 159209
What are the prime factors of 317059?
139, 2281
What are the prime factors of 2367765?
3, 5, 17539
What are the prime factors of 6211803?
3, 13, 19, 83, 101
What are the prime factors of 411775?
5, 7, 13, 181
What are the prime factors of 725493?
3, 29, 31, 269
What are the prime factors of 196208?
2, 12263
What are the prime factors of 10315601?
1723, 5987
What are the prime factors of 8723730?
2, 3, 5, 290791
What are the prime factors of 684054?
2, 3, 7, 61, 89
What are the prime factors of 5596564?
2, 19, 211, 349
List the prime factors of 1330.
2, 5, 7, 19
List the prime factors of 810710.
2, 5, 81071
What are the prime factors of 487707?
3, 11, 14779
What are the prime factors of 256091?
11, 31, 751
List the prime factors of 411540.
2, 3, 5, 19
List the prime factors of 152231.
152231
List the prime factors of 2135562.
2, 3, 11, 13, 19, 131
What are the prime factors of 316395?
3, 5, 79, 89
What are the prime factors of 208793?
13, 16061
List the prime factors of 536257.
263, 2039
What are the prime factors of 2219784?
2, 3, 7, 73, 181
List the prime factors of 1884038.
2, 13, 233, 311
List the prime factors of 146604.
2, 3, 19, 643
What are the prime factors of 1283673?
3, 379, 1129
List the prime factors of 29009269.
29009269
What are the prime factors of 136811?
136811
What are the prime factors of 66752?
2, 7, 149
What are the prime factors of 88730?
2, 5, 19, 467
List the prime factors of 39860.
2, 5, 1993
What are the prime factors of 259940?
2, 5, 41, 317
List the prime factors of 88579.
283, 313
What are the prime factors of 386724?
2, 3, 13, 37, 67
What are the prime factors of 11366539?
53, 214463
List the prime factors of 446841.
3, 131, 379
What are the prime factors of 5773353?
3, 17, 6659
List the prime factors of 748789.
748789
What are the prime factors of 29104?
2, 17, 107
What are the prime factors of 867702?
2, 3, 11, 13147
List the prime factors of 25020463.
13, 1924651
What are the prime factors of 19887951?
3, 6629317
List the prime factors of 1258751.
13, 96827
List the prime factors of 443718.
2, 3, 11, 83
What are the prime factors of 31668278?
2, 307, 51577
List the prime factors of 249010.
2, 5, 37, 673
What are the prime factors of 499687?
499687
List the prime factors of 443626.
2, 221813
List the prime factors of 36154338.
2, 3, 11, 241, 2273
List the prime factors of 5150891.
349, 14759
What are the prime factors of 111267?
3, 13, 317
What are the prime factors of 458013?
3, 152671
What are the prime factors of 179612?
2, 83, 541
List the prime factors of 203747.
67, 3041
What are the prime factors of 25601419?
521, 49139
List the prime factors of 239092.
2, 7, 8539
What are the prime factors of 2321394?
2, 3, 421, 919
What are the prime factors of 19909123?
13, 953, 1607
What are the prime factors of 4673201?
13, 359477
List the prime factors of 973178.
2, 486589
What are the prime factors of 63992?
2, 19, 421
What are the prime factors of 83393?
89, 937
List the prime factors of 10217844.
2, 3, 7, 13, 3119
List the prime factors of 13533226.
2, 7, 966659
List the prime factors of 2140102.
2, 277, 3863
What are the prime factors of 5792088?
2, 3, 241337
List the prime factors of 228079.
61, 3739
What are the prime factors of 420933?
3, 193, 727
What are the prime factors of 933204?
2, 3, 19, 4093
What are the prime factors of 8418837?
3, 7, 57271
List the prime factors of 803872.
2, 25121
List the prime factors of 6726289.
29, 137, 1693
List the prime factors of 396860.
2, 5, 19843
List the prime factors of 163798.
2, 81899
What are the prime factors of 1373398?
2, 13, 101, 523
What are the prime factors of 238961?
197, 1213
List the prime factors of 873735.
3, 5, 31, 1879
What are the prime factors of 6018099?
3, 2006033
List the prime factors of 316287.
3, 113, 311
List the prime factors of 2096764.
2, 19, 47, 587
List the prime factors of 10333121.
79, 139, 941
List the prime factors of 9366957.
3, 23, 37, 1223
List the prime factors of 2452163.
7, 137, 2557
What are the prime factors of 7357245?
3, 5, 7, 41, 1709
What are the prime factors of 638198?
2, 11, 29009
What are the prime factors of 195284?
2, 48821
What are the prime factors of 226820?
2, 5, 11, 1031
What are the prime factors of 44071?
44071
List the prime factors of 1537178.
2, 768589
What are the prime factors of 25487537?
67, 157, 2423
List the prime factors of 4949402.
2, 2474701
What are the prime factors of 6562342?
2, 3281171
What are the prime factors of 536530?
2, 5, 53653
List the prime factors of 2923958.
2, 1461979
What are the prime factors of 2518750?
2, 5, 13, 31
What are the prime factors of 216112?
2, 13, 1039
List the prime factors of 249844.
2, 7, 8923
What are the prime factors of 4012559?
991, 4049
List the prime factors of 7135173.
3, 792797
List the prime factors of 1422164.
2, 355541
What are the prime factors of 290862?
2, 3, 11, 13, 113
What are the prime factors of 779804?
2, 137, 1423
List the prime factors of 3972541.
3972541
What are the prime factors of 25202078?
2, 11, 181, 6329
List the prime factors of 7818986.
2, 7, 558499
List the prime factors of 13125010.
2, 5, 19, 37, 1867
What are the prime factors of 5590667?
127, 44021
List the prime factors of 1613061.
3, 59743
List the prime factors of 10663249.
1181, 9029
List the prime factors of 5430314.
2, 19, 142903
What are the prime factors of 3552724?
2, 7, 31, 4093
What are the prime factors of 772332?
2, 3, 11, 5851
List the prime factors of 1085479.
709, 1531
What are the prime factors of 2344229?
23, 227, 449
What are the prime factors of 1138272?
2, 3, 71, 167
List the prime factors of 289043.
29, 9967
What are the prime factors of 44195032?
2, 7, 223, 3539
What are the prime factors of 2578380?
2, 3, 5, 7, 877
List the prime factors of 7059245.
5, 367, 3847
What are the prime factors of 277586?
2, 138793
What are the prime factors of 1867364?
2, 107, 4363
What are the prime factors of 239152?
2, 14947
List the prime factors of 138165.
3, 5, 61, 151
List the prime factors of 409565.
5, 13, 6301
What are the prime factors of 261982?
2, 7, 18713
What are the prime factors of 15196?
2, 29, 131
List the prime factors of 1507638.
2, 3, 11, 53, 431
List the prime factors of 130006.
2, 65003
List the prime factors of 465494.
2, 17, 13691
What are the prime factors of 1879574?
2, 587, 1601
List the p